vative of p**4/24 - p**3/6 - 11*p**2 - p. Let o(u) be the first derivative of x(u). What is o(3)?
2
Suppose 4*r = -o + 10 + 16, 0 = 2*o + 4. Let s(w) = -w**2 + 0 + 0 + w**3 - 8 - 5*w**2 - 5*w. What is s(r)?
6
Let s(b) = 138*b - 68*b - 2*b**3 - b**2 + 5*b**2 - 3 - 72*b. What is s(3)?
-27
Suppose 0 = -v - 4. Let t(l) = -6*l - 8. Let f(b) = 4*b - 1 - 2*b - 4*b - 2. Let r(m) = -8*f(m) + 3*t(m). Calculate r(v).
8
Let b(m) be the second derivative of -m**3/6 - m**2/2 - m. Let o(n) = 4*n - 23. Let s be o(7). Suppose -2*r - 2*r = 3*y - s, 3*y = 5*r + 14. Determine b(y).
-4
Let l(x) = -12*x - 2. Let a(d) = -15*d - 2. Let o(s) = 2*a(s) - 3*l(s). Calculate o(-1).
-4
Let k(n) = 8*n - 1. Let r(w) = 3*w + 1. Let m(j) = -3*k(j) + 6*r(j). Determine m(7).
-33
Suppose -9*z = -6*z - 24. Let b(h) = h**2 - h + 1. Let p(q) = -5*q**2 - 2*q - 14. Let g(a) = 6*b(a) + p(a). What is g(z)?
-8
Suppose -3*s + x + 15 = 0, 0 = -2*s - 3*x - 1. Let f(d) be the first derivative of d**2/2 + d + 2. Calculate f(s).
5
Let a(b) = 6*b**3 - 2*b - 1. Let y be 60/(-84) - (-4)/(-14). What is a(y)?
-5
Let v(m) = 13*m + 36. Let h(a) = 11*a + 29. Let z(k) = 5*h(k) - 4*v(k). Suppose 0 = 7*n - 4*n. Suppose -5*p - 3*w + 5 = 0, 18 = -4*p + 2*w - n*w. Give z(p).
-5
Let c(o) = -o - 24. Let m(p) be the second derivative of -p**4/12 - 11*p**3/3 + 38*p. Let b be m(-22). Give c(b).
-24
Let m(g) = 5*g**2 + 24*g - 14. Let z(p) = -8*p**2 - 44*p + 29. Let i(k) = 5*m(k) + 3*z(k). What is i(9)?
-10
Let k(r) be the third derivative of 7/6*r**3 + 0 + 0*r + 10*r**2 - 1/24*r**4. Give k(0).
7
Let z(y) = -y**3 - 3*y**2 + 4*y + 1. Let x be (15/6)/(4/8). Suppose -5*p = -4*n - x, -p - n + 0 + 10 = 0. Let a = -8 + p. What is z(a)?
-11
Suppose 5*s - 2*v = 84, 4*s - 42 = 5*v + 32. Let f(w) = -w**2 + 17*w - 14. Calculate f(s).
2
Let g(f) = 4*f + 27 - 4*f + 5*f - f + 1. Give g(-10).
-12
Let b be 5 + -1*(-3)/1. Suppose -3*v + b*v - 10 = 0. Let f be (6 + -7)*v/2. Let s(a) = -12*a**3 - a**2 - a - 1. Give s(f).
11
Let i(k) = 3 + 3*k**2 + 9*k - 5*k + 7*k - 5*k**2 + 0. What is i(6)?
-3
Suppose 3*p = p + 3*b - 1, 0 = 3*p + 5*b - 8. Let d(m) = -8*m**2 + 1. What is d(p)?
-7
Let s = 278 + -272. Let c(h) be the second derivative of h**5/120 - h**4/24 - h**3/6 - 2*h. Let x(m) be the second derivative of c(m). Determine x(s).
5
Let w(c) be the first derivative of c**3/3 + 3*c**2/2 + c + 52. Suppose 7 - 4 = o. Suppose -5*a = -g - 7, -a + 9 = -o*g + 2*a. Calculate w(g).
-1
Suppose 75 = -2*j - 3*h, -2*j + 3*h = 7 + 86. Let a = 39 + j. Let q(s) = -s**2 - s + 1. Give q(a).
-5
Let y(l) = -l + 4. Let x be (11 - -9)/((-1)/1). Let t = 21 + x. Let c be (9/27)/(t/6). What is y(c)?
2
Let n(i) = 4*i**2 + 5 + 2*i - 2*i. Let a(o) = -o**2 + 1. Suppose 0 = b + 43*b + 44. Let u(m) = b*n(m) + 4*a(m). Give u(-1).
-9
Let q(o) = -o**2 - 10*o + 1. Let n be q(-10). Let j be 2/n*(5 + -3). Let k(c) = 6 + c - 8 + 0. Calculate k(j).
2
Let z(a) be the first derivative of a**4/4 + 5*a**3/3 + a**2 + 5*a + 2. Suppose -2*j = -7*n + 6*n + 14, -5*j - n = 21. Give z(j).
-5
Suppose 14 = 2*k + 4*j, -3*k + 9 = 4*j - 8. Let u(s) = -11 - 3*s**k + 11*s**3 - 5*s**2 + 4*s**2 - 7*s**3 - s. Determine u(0).
-11
Let u = 1631 - 1628. Let l(v) = v**2 + 1. Let g(x) = -x**2 - 1. Let z(a) = 2*g(a) + 3*l(a). Calculate z(u).
10
Let v be -4*(13/4)/13. Let y(b) = -7*b**3 + 2*b + 1. What is y(v)?
6
Let m(l) be the second derivative of -l**3/6 + 9*l**2/2 - 2*l + 82. What is m(11)?
-2
Let o(v) = -554 - 560 + v - 2*v + 1103. Give o(-9).
-2
Let i(q) = q**3 + 9*q**2 - 9*q + 13. Suppose 0 = 10*y + 6*y + 160. Calculate i(y).
3
Let p(z) = 5*z**2 - 10*z - 15. Let t(s) = -13 - 6 + 20 + s**2 - 2*s**2. Let a(m) = p(m) + 6*t(m). Give a(-8).
7
Let f(a) = a**3 + 9*a**2 + 7*a - 4. Let o(b) be the third derivative of -b**5/30 - b**4/12 + 2*b**3/3 - 10*b**2. Let s be o(2). What is f(s)?
4
Suppose 3*k - 4*k - 4 = 3*d, -32 = -3*k + 2*d. Let x(m) = 2*m - 4. Let z(p) = -2*p + 5. Let r(s) = -5*x(s) - 6*z(s). Give r(k).
6
Suppose 12 = 3*t + t. Let n(p) = p - p**3 - 7*p**2 + 6*p**2 - 1 + 3 + 4*p**2. Determine n(t).
5
Let g(u) = 2*u**3 + 4*u**2 - 3*u - 2. Let q be g(-3). Let o(p) = -p - 6. Calculate o(q).
5
Suppose 0 = k + 4*h - 11 - 3, 0 = -h. Suppose 2 + k = -4*l. Let f(c) = 3*c + 5. Determine f(l).
-7
Let z(l) = -l**2. Let p(o) = 7*o**2 - 9. Let c be (-12)/30 + (-32)/(-5). Let h = 26 - 25. Let d(m) = c*z(m) + h*p(m). Give d(0).
-9
Let q(z) = -z**3 - z**2 + z + 8. Let y(p) = -p**3 - 5*p**2 + 6*p. Let j(i) = -i**2 - 7*i - 6. Let n be j(-7). Let s be y(n). What is q(s)?
8
Let k(g) be the second derivative of -g**4/6 - 7*g**3/6 - 7*g**2/2 + g - 15. Calculate k(-4).
-11
Let k(s) be the second derivative of s**5/20 + s**4/4 - s**3/3 + s**2/2 - 271*s. Let p(q) = -q**3 - 2*q**2 + 3*q - 4. Let b be p(-3). What is k(b)?
-7
Let d(u) = u**2 - 4*u - 5. Let z be d(6). Let s = 8 - z. Suppose 0*c = -c - s. Let n(v) = -6*v + 1. Determine n(c).
7
Let n(i) = 6*i + 7. Let w(f) = 4*f + 3. Let y(l) = 3*n(l) - 5*w(l). Let m(r) = 5*r + 1. Let z be m(1). What is y(z)?
-6
Let f(g) = g**2 - g - 1. Let v(j) = -9*j**2 + j + 4. Let y(u) = -4*f(u) - v(u). Let p be -6*(49/(-42) + 2/(-4)). Let r be (1*(-2)/6)/(p/60). Determine y(r).
14
Let v(t) = -3*t**3 - 5*t**2 + 7*t + 10. Let g(z) = -2*z**3 - 3*z**2 + 4*z + 5. Let r(s) = 5*g(s) - 3*v(s). What is r(0)?
-5
Let d(b) = 7*b**2 - 21*b - 17. Let p(g) = -12*g**2 + 36*g + 34. Let m(o) = 5*d(o) + 3*p(o). Calculate m(8).
-23
Let y(v) = -5*v + 3. Let u(q) = 5*q**2 - 33*q - 10. Let h be u(7). Give y(h).
-17
Let f(m) = -m**3 - 8*m**2 - 10*m + 7. Let k be f(-6). Let y(s) = -s - 19. Calculate y(k).
-14
Let k be (7/(7/10))/(4/(-14)). Let n = -30 - k. Let w(u) = u**2 - 6*u + 1. Determine w(n).
-4
Let x(i) be the third derivative of 0 - 1/12*i**5 + 1/120*i**6 + 1/24*i**4 + 2/3*i**3 + 0*i - 5*i**2. What is x(4)?
-8
Let s(c) = -c**3 + 7*c**2 - 4*c - 6. Let m(y) = -y**3 + 18*y**2 + 2*y + 14. Let l be m(18). Let g be ((-3)/(-5))/(5/l). Determine s(g).
6
Let j(r) = r**3 - r - 1. Suppose -3*o + 3 = 3*l - 15, -l - 2*o + 7 = 0. Suppose 5*h = -0*h + 3*m + 54, -3*h + 26 = -l*m. Let u = h + -13. What is j(u)?
-1
Let f(j) = -10*j - 54. Let n = -1283 + 1277. Give f(n).
6
Let g(w) = 1. Let c(s) = s - 4. Let o(r) = -c(r) - 5*g(r). What is o(-5)?
4
Let s(v) be the second derivative of -v**5/20 - v**4/6 + v**3/3 - v**2 - 23*v + 3. Calculate s(-3).
1
Suppose 22*r - 63 = 13*r. Let a(c) = c**2 - 4*c - 15. Determine a(r).
6
Let i(k) = k**2 - 3*k + 4. Let m(s) = -s**2 + 2*s - 5. Let c(w) = -5*i(w) - 4*m(w). Let f be ((-1)/3 + 0)/((506/(-165))/46). Determine c(f).
10
Suppose 0 = -4*f + 4*n + 26 - 2, 4*n + 20 = 2*f. Let b(z) = -147*z**2 - 11*z + 11. Let r(s) = -29*s**2 - 2*s + 2. Let q(c) = f*b(c) - 11*r(c). Calculate q(1).
25
Let f(g) = -g - 1. Let l(w) = 3 + 24*w + 0 - 22*w - 2. Let m(a) = 5*f(a) + 2*l(a). Calculate m(-2).
-1
Suppose 0 = f - c, -3*f + c - 2 = -0*c. Let v(x) be the second derivative of 5*x**4/6 - x**3/6 - x**2/2 - 1492*x. Determine v(f).
10
Let p(k) be the first derivative of -8*k**2 - 6*k + 11. Let s(i) = 5*i + 2. Let t(u) = -2*p(u) - 7*s(u). Determine t(2).
-8
Suppose -2*g = 3*q - 7*g, -2*q - 5*g = 0. Suppose -r + q*r + 3*m = 16, -r - 10 = -m. Let f = -6 - r. Let o(x) = 9*x - 1. What is o(f)?
8
Let l(z) be the third derivative of z**5/40 - 11*z**3/6 - 11*z**2. Let v(s) be the first derivative of l(s). Calculate v(-1).
-3
Let j(m) be the first derivative of -m**4 + 4*m**3/3 - 2*m - 22. Let p(y) = y**3. Let v(r) = -j(r) - 5*p(r). Determine v(-2).
-6
Let i(h) = 6*h + 1. Let r be i(1). Let x = -5 + r. Suppose 2 = 4*a + 2*n, a + 4 = -n + x*n. Let y(j) = -10*j - 1. Determine y(a).
9
Let o = -3 - -3. Suppose 14 = -o*v + 7*v. Let t(n) = -v - n**3 + 2*n + 4 - 6*n**2 - 2*n. What is t(-6)?
2
Let s(f) be the third derivative of f**7/1008 - f**6/120 + 5*f**5/6 + 10*f**2. Let i(j) be the third derivative of s(j). Give i(5).
19
Let m(p) be the third derivative of -p**6/120 - p**5/10 - 5*p**4/24 + p**3/3 - 2*p**2 - 45. What is m(-5)?
2
Let f(o) = -o**3 - o**2 - o - 14. Let p = -1357 + 1357. Determine f(p).
-14
Suppose -3*k + 1 = -x, 4*x - 4*k - 5 = -k. Suppose 34*f - 27 = 25*f. Let i(l) = l**x + 4 - f - 5*l + 1 - 2*l**2. Calculate i(-5).
2
Let x(z) = -z**3 - 6*z**2 - 2*z + 0*z**3 + 0*z**3 + 2. Let l = -1429 + 1425. Calculate